90
In base 4, what is 332220 + 10221?
1003101
In base 7, what is -20 - 203510334?
-203510354
In base 12, what is -3a4923 - -47?
-3a4898
In base 14, what is 6144 + -330?
5c14
In base 10, what is 14 + 1375972?
1375986
In base 7, what is 1652 - -34554?
36536
In base 8, what is -1457 + -23073?
-24552
In base 14, what is 15d038 + -55?
15cdc3
In base 10, what is -895 + 376305?
375410
In base 14, what is -4a83ac9a - 1?
-4a83ac9b
In base 3, what is 2 + -2021112110220?
-2021112110211
In base 6, what is 2203252 - 1300?
2201552
In base 11, what is 814a78 - 44?
814a34
In base 16, what is -132a - -519?
-e11
In base 9, what is 37 + -78381?
-78343
In base 16, what is 225d - -15f?
23bc
In base 11, what is -35 - -26209?
26184
In base 4, what is -20 - 20231313211?
-20231313231
In base 10, what is -3 + -3973522?
-3973525
In base 4, what is -2310 + -220032?
-223002
In base 10, what is 22896 + -42427?
-19531
In base 15, what is 32da9178 + 1?
32da9179
In base 10, what is -13178 + 46?
-13132
In base 11, what is -1300037 - -105?
-12aaa32
In base 9, what is -177257 - -2006?
-175251
In base 3, what is 10120022022222200011 - -11?
10120022022222200022
In base 6, what is 0 + 501345315?
501345315
In base 11, what is -45435a + -3a?
-454399
In base 12, what is -1101 + -60b5?
-71b6
In base 16, what is 5 + -77d134e?
-77d1349
In base 8, what is -1017 + 1136235?
1135216
In base 12, what is -7bb13 + 2a?
-7baa5
In base 16, what is 72e - 7348?
-6c1a
In base 7, what is 56 - 44001463?
-44001404
In base 10, what is -5816 - 6755?
-12571
In base 13, what is 644413 - -11?
644424
In base 13, what is 0 - -6935489?
6935489
In base 7, what is 2200613 - -1640?
2202553
In base 15, what is -13 - -3ec99e?
3ec98b
In base 5, what is -13 - 3114212441?
-3114213004
In base 5, what is -3402 + 141220214?
141211312
In base 3, what is -12 + 1202010101100022?
1202010101100010
In base 16, what is -161fddd + 2?
-161fddb
In base 6, what is -1115 + -421323?
-422442
In base 9, what is -4 + 11003445?
11003441
In base 4, what is 1 - -221220333212?
221220333213
In base 2, what is -10001 - 10100110010101101111001?
-10100110010101110001010
In base 11, what is -4 - a0a592?
-a0a596
In base 16, what is a6e - ddf6?
-d388
In base 6, what is -4 - -232533213?
232533205
In base 7, what is -3130 - 25120?
-31250
In base 4, what is 2 + -232021321222?
-232021321220
In base 15, what is -252359 - -5?
-252354
In base 16, what is -3 - 18486?
-18489
In base 14, what is -2d324 + -d?
-2d333
In base 16, what is 1c + -62f6e?
-62f52
In base 12, what is -ab5a844 + 4?
-ab5a840
In base 13, what is -9 + 45cc520?
45cc514
In base 15, what is 295c4775 - -1?
295c4776
In base 2, what is -1001 + 101110101100001110?
101110101100000101
In base 6, what is 35123253 + 421?
35124114
In base 4, what is 22302 + -23000311?
-22312003
In base 5, what is -3 + 2041223221?
2041223213
In base 4, what is -3 + -102301223200?
-102301223203
In base 12, what is -37783 - -45?
-3773a
In base 4, what is 22201221 - 2302?
22132313
In base 15, what is -14d12 + 58?
-14ca9
In base 15, what is 2ac232 + -b?
2ac226
In base 8, what is 4 - 250003640?
-250003634
In base 16, what is 5ecb1 + 1d?
5ecce
In base 13, what is -4 - -1141694?
1141690
In base 9, what is -6 + 24864585?
24864578
In base 2, what is -1001 - 101001111011000011101110?
-101001111011000011110111
In base 6, what is -212 - 1111414?
-1112030
In base 7, what is 2106 - 42311?
-40202
In base 12, what is -212 + -5925?
-5b37
In base 3, what is -11211010221122001 + 0?
-11211010221122001
In base 14, what is 23125 - 298?
22c6b
In base 13, what is -13 + a306b?
a3058
In base 5, what is 101331 - -34430?
141311
In base 15, what is 26 + -a58d60?
-a58d39
In base 12, what is 9295ba + 0?
9295ba
In base 16, what is -2f5 + -325c?
-3551
In base 3, what is 12 + 11201112022101011?
11201112022101100
In base 12, what is 415a73 - -78?
415b2b
In base 15, what is -53 - -32e73?
32e20
In base 16, what is 273f4 + -55a?
26e9a
In base 12, what is 0 + 623ab9?
623ab9
In base 8, what is -7621541 - -1151?
-7620370
In base 5, what is 21344133041 + 4?
21344133100
In base 6, what is -202 - -12551325?
12551123
In base 13, what is -469 + -3854?
-3cc0
In base 7, what is -30453 + -156320?
-220103
In base 11, what is 1067608a - 5?
10676085
In base 2, what is -1010001100001000100 - -10111000001?
-1010001001010000011
In base 14, what is 1324 + -1c2?
1142
In base 9, what is -4 - -36700560?
36700555
In base 11, what is 14329a4a - -59?
14329aa8
In base 3, what is -1202 + -1202001112?
-1202010021
In base 2, what is 101000101100010011111100 + 10001010?
101000101100010110000110
In base 15, what is 2 - -79061db?
79061dd
In base 9, what is -48810 - 18?
-48828
In base 9, what is -3813 - -1?
-3812
In base 9, what is -4187735 - -41?
-4187684
In base 4, what is -122330112 + -2311?
-122333023
In base 5, what is 2 - 4224342114?
-4224342112
In base 3, what is 100120210120 + 12001?
100120222121
In base 6, what is 324430 + -154541?
125445
In base 5, what is 3 - -13312233211?
13312233214
In base 12, what is 3 - -480272?
480275
In base 3, what is 22011111 - -10102222212?
10202011100
In base 15, what is -35942 - 1d?
-35960
In base 15, what is 1 + 3e0db1e?
3e0db20
In base 4, what is -203 + -1100303230331?
-1100303231200
In base 2, what is 1100100110 - -101011001010100?
101100101111010
In base 16, what is -11 + 23cc42f?
23cc41e
In base 11, what is 418 + 64546?
64963
In base 13, what is 3 - -b39b193?
b39b196
In base 11, what is -2 + 2583a225?
2583a223
In base 5, what is -14132404 + -101032?
-14233441
In base 5, what is 44 + 1100410333?
1100410432
In base 2, what is 1010101000111100 + 1001101001100?
1011110110001000
In base 3, what is -2 - 110022202201211002?
-110022202201211011
In base 5, what is 2100010200310 + -1?
2100010200304
In base 9, what is -46 + 465611?
465554
In base 13, what is 30bb - 466?
2955
In base 11, what is 22488795 - 17?
22488779
In base 15, what is -1 + 11738e?
11738d
In base 3, what is 12202 + -211201110112?
-211201020210
In base 13, what is -199109 - -545?
-198894
In base 8, what is -3 - -113207?
113204
In base 2, what is -111001000000111110010011 - -111110?
-111001000000111101010101
In base 5, what is -4340341 - -3?
-4340333
In base 7, what is -543 + -31204300?
-31205143
In base 2, what is -10110101110101 - -111?
-10110101101110
In base 5, what is 214002 - -2224?
221231
In base 14, what is -1b - b557da?
-b55817
In base 12, what is 1 + -138a2823?
-138a2822
In base 16, what is 1 + 1d01f1?
1d01f2
In base 7, what is -10562 + -102235?
-113130
In base 14, what is 685dc - -26?
68624
In base 13, what is -21 + 24b5a4?
24b583
In base 7, what is 224051 + -1636?
222112
In base 3, what is -1 - -12202122110020?
12202122110012
In base 3, what is 12 - 20110001010200?
-20110001010111
In base 9, what is 361525 + 182?
361717
In base 12, what is 29466552 + 1?
29466553
In base 8, what is -2023 + -13565?
-15610
In base 9, what is 124703086 + 1?
124703087
In base 16, what is -3cd9 - 40?
-3d19
In base 14, what is -94a2c + -d?
-94a3b
In base 11, what is 24 - -346806?
34682a
In base 9, what is 64776 - 7261?
56515
In base 9, what is 2 - -6061611?
6061613
In base 7, what is 1156561 + -62?
1156466
In base 4, what is -100013101233 - -13?
-100013101220
In base 9, what is 3 - -30023366?
30023370
In base 6, what is 13201405 + -20540?
13140425
In base 6, what is 31144303200 - 1?
31144303155
In base 13, what is -38ab + 2855?
-1056
In base 13, what is -49805 - -72?
-49763
In base 2, what is 101000101010 - -1101101000011110?
1110010001001000
In base 4, what is 30303020211 + -320?
30303013231
In base 16, what is 0 + -4be8c39?
-4be8c39
In base 15, what is 7a3d65a1 - 2?
7a3d659e
In base 15, what is -3 + 44546a0?
445469c
In base 9, what is 8 - -3322285?
3322304
In base 3, what is 1012221111100 + 1?
1012221111101
In base 13, what is 1 + -128b546?
-128b545
In base 13, what is -187497 + 16?
-187481
In base 4, what is -22210332130 - -10?
-22210332120
In base 7, what is 46 + -3164501?
-3164422
In base 16, what is 13 + -91de8?
-91dd5
In base 12, what is b - 2223aa21?
-2223aa12
In base 15, what is -23ee5 + 5?
-23ee0
In base 16, what is -5 + -9ee2b4?
-9ee2b9
In base 3, what is -20010001110010 - -212?
-20010001102021
In base 11, what is a0 + 3676a?
3685a
In base 6, what is -45 + -1031252352?
-1031252441
I